{"id":25462,"date":"2022-11-25T07:52:50","date_gmt":"2022-11-25T07:52:50","guid":{"rendered":"http:\/\/ndgdenetim.com\/?page_id=25462"},"modified":"2022-11-25T08:00:31","modified_gmt":"2022-11-25T08:00:31","slug":"yatirim-tesvik-hizmetleri","status":"publish","type":"page","link":"http:\/\/ndgdenetim.com\/index.php\/yatirim-tesvik-hizmetleri\/","title":{"rendered":"Yat\u0131r\u0131m Te\u015fvik Dan\u0131\u015fmanl\u0131k Hizmetleri"},"content":{"rendered":"<div class=\"vgblk-rw-wrapper limit-wrapper\">\n\n\t<p><strong>Yat\u0131r\u0131m Te\u015fvik Mevzuat\u0131 Kapsam\u0131nda Dan\u0131\u015fmanl\u0131k Hizmetleri<\/strong><\/p>\n<hr \/>\n<ul>\n<li>Yat\u0131r\u0131m Te\u015fvik Belgesi; yat\u0131r\u0131m tutar\u0131, yat\u0131r\u0131m konusu, fizibilite kapsam\u0131nda; arsa, in\u015faat ve bina harcamalar\u0131, global makine listeleri, yerli ve ithal makine listeleri, te\u00e7hizat ve bunlarla ilgili yaz\u0131l\u0131m harcamalar\u0131, fabrika kurulumu kapsam\u0131ndaki bilgileri ihtiva eden bir belgedir.<\/li>\n<\/ul>\n<p>&nbsp;<\/p>\n<ul>\n<li>Yat\u0131r\u0131m te\u015fvik belgesi kapsam\u0131nda yap\u0131lacak yat\u0131r\u0131m\u0131n profesyonel anlamda mevzuat kapsam\u0131nda de\u011ferlendirilerek maksimum deste\u011fi sa\u011flayacak \u015fekilde yat\u0131r\u0131m te\u015fvik belgesinin temin edilmesi \u00e7ok b\u00fcy\u00fck \u00f6nem arz etmektedir.<\/li>\n<\/ul>\n<p>&nbsp;<\/p>\n<p><strong>Yat\u0131r\u0131m Te\u015fvik Belgesi Kapsam\u0131nda Te\u015fvik Destekleri, Kurumlar\/Gelir Vergisi \u0130ndirimi Uygulamas\u0131 ve S\u00fcre\u00e7 Y\u00f6netimi Hizmetleri<\/strong><\/p>\n<hr \/>\n<ul>\n<li>Yat\u0131r\u0131m Te\u015fvik Destekleri; yat\u0131r\u0131m te\u015fvik belgesi \u00e7er\u00e7evesinde i\u015fletmelere sa\u011flanan vergi indirimleri, SGK te\u015fvikleri, KDV ve g\u00fcmr\u00fck vergisi istisnalar\u0131, faiz ve kar pay\u0131 destekleri ile yat\u0131r\u0131m arazisi tahsisi gibi \u00f6nemli avantajlard\u0131r.<\/li>\n<\/ul>\n<p>&nbsp;<\/p>\n<ul>\n<li>S\u00f6z konusu sa\u011flanm\u0131\u015f faydalar\u0131n uzman ekibimizle s\u00fcre\u00e7lerinin y\u00f6netilmesi yat\u0131r\u0131m s\u00fcrecinde finansal anlamda yat\u0131r\u0131mc\u0131lara \u00e7ok b\u00fcy\u00fck de\u011fer katacakt\u0131r.<\/li>\n<\/ul>\n<p>&nbsp;<\/p>\n<p><strong>Yat\u0131r\u0131m Te\u015fviklerinden Yararlanabilecek Sekt\u00f6rler:<\/strong><\/p>\n1- Entegre dam\u0131zl\u0131k hayvanc\u0131l\u0131k yat\u0131r\u0131mlar\u0131 dahil olmak \u00fczere entegre hayvanc\u0131l\u0131k yat\u0131r\u0131mlar\u0131<br \/>\n2- Su \u00fcr\u00fcnleri yeti\u015ftiricili\u011fi (bal\u0131k yavrusu ve yumurtas\u0131 \u00fcretimi dahil)<br \/>\n3- G\u0131da \u00fcr\u00fcnleri ve i\u00e7ecek imalat\u0131<br \/>\n4- Tekstil \u00fcr\u00fcnleri imalat\u0131<br \/>\n5- Giyim e\u015fyas\u0131 imalat\u0131<br \/>\n6- Derinin tabaklanmas\u0131 ve i\u015flenmesi<br \/>\n7- Derinin tabaklanmas\u0131, i\u015flenmesi (sadece \u0130stanbul Deri \u0130htisas OSB ve Tuzla OSB&#8217;de yap\u0131lacak)<br \/>\n8- Bavul, el \u00e7antas\u0131, saraciye, ayakkab\u0131 vb imalat\u0131<br \/>\n9- A\u011fa\u00e7 ve mantar \u00fcr\u00fcnleri imalat\u0131 (mobilya hari\u00e7), has\u0131r ve buna benzer \u00f6r\u00fclerek yap\u0131lan maddelerin imalat\u0131<br \/>\n10- Ka\u011f\u0131t ve ka\u011f\u0131t \u00fcr\u00fcnleri imalat\u0131<br \/>\n11- Kimyasal madde ve \u00fcr\u00fcnlerin imalat\u0131<br \/>\n12- Kimyasal G\u00fcbre ve Azotlu Bile\u015fenlerin imalat\u0131<br \/>\n13- Pestisit (ha\u015farat ilac\u0131) ve di\u011fer zirai-kimyasal \u00fcr\u00fcnlerin imalat\u0131<br \/>\n14- \u0130la\u00e7\/eczac\u0131l\u0131kta ve t\u0131pta kullan\u0131lan kimyasal ve bitkisel kaynakl\u0131 \u00fcr\u00fcnlerin imalat\u0131<br \/>\n15- Parf\u00fcm ile kozmetik ve tuvalet malzemeleri imalat\u0131<br \/>\n16- Patlay\u0131c\u0131 madde imalat\u0131<br \/>\n17- \u0130\u00e7 ve d\u0131\u015f lastik imalat\u0131<br \/>\n18- Metalik olmayan mineral \u00fcr\u00fcnlerin imalat\u0131 (cam ve cam \u00fcr\u00fcnleri, f\u0131r\u0131nlanm\u0131\u015f kilden kiremit, briket, tu\u011fla ve in\u015faat malzemeleri, \u00e7imento, haz\u0131r beton ve har\u00e7 hari\u00e7)<br \/>\n19- Metalik olmayan mineral \u00fcr\u00fcnlerin imalat\u0131 (\u00e7ok katl\u0131 yal\u0131t\u0131m camlar\u0131, kiremit, briket, tu\u011fla, \u00e7imento, haz\u0131r beton ve har\u00e7 hari\u00e7)<br \/>\n20- Metalik olmayan mineral \u00fcr\u00fcnlerin imalat\u0131 (f\u0131r\u0131nlanm\u0131\u015f kilden, kiremit, briket, tu\u011fla ve in\u015faat malzemeleri, \u00e7imento, in\u015faat ama\u00e7l\u0131 beton \u00fcr\u00fcnleri, haz\u0131r beton, har\u00e7, \u00e7ok katl\u0131 yal\u0131t\u0131m camlar\u0131 hari\u00e7)<br \/>\n21- D\u00fcz cam, d\u00fcz cam\u0131n \u015fekillendirilmesi ve i\u015flenmesi (\u00e7ok katl\u0131 yal\u0131t\u0131m camlar\u0131 hari\u00e7) \u00e7ukur cam ve cam elyaf\u0131 imalat\u0131<br \/>\n22- D\u00fcz cam, d\u00fcz cam\u0131n \u015fekillendirilmesi ve i\u015flenmesi (\u00e7ok katl\u0131 yal\u0131t\u0131m camlar\u0131 hari\u00e7) \u00e7ukur cam, cam elyaf ve camdan elektrik izolat\u00f6rleri ve seramik yal\u0131t\u0131m malzemeleri imalat\u0131<br \/>\n23- Seramikten yap\u0131lan s\u0131hhi \u00fcr\u00fcnler, seramik yal\u0131t\u0131m malzemeleri, seramik karo ve kald\u0131r\u0131m ta\u015f\u0131 imalat\u0131<br \/>\n24- \u0130n\u015faat ama\u00e7l\u0131 beton \u00fcr\u00fcnleri imalat\u0131<br \/>\n25- Metalik olmayan mineral \u00fcr\u00fcnlerin imalat\u0131; in\u015faat ama\u00e7l\u0131 beton \u00fcr\u00fcnleri imalat\u0131, kire\u00e7, al\u00e7\u0131<br \/>\n26- \u0130n\u015faat ama\u00e7l\u0131 beton \u00fcr\u00fcnleri imalat\u0131 ve \u0131s\u0131 veya ses izole edici e\u015fya ve kar\u0131\u015f\u0131mlar<br \/>\n27- Demir-\u00e7elik d\u0131\u015f\u0131ndaki ana metal sanayi, metal d\u00f6k\u00fcm sanayi<br \/>\n28- Metal e\u015fya<br \/>\n29- Merkezi \u0131s\u0131tma radyat\u00f6rleri ve kazanlar\u0131n\u0131n imalat\u0131, buhar kazan\u0131 imalat\u0131 (merkezi kalorifer kazanlar\u0131 hari\u00e7)<br \/>\n30- Makine ve te\u00e7hizat imalat\u0131<br \/>\n31- S\u0131nai kal\u0131p<br \/>\n32- B\u00fcro, muhasebe ve bilgi i\u015flem makineleri imalat\u0131<br \/>\n33- Elektrikli makine ve cihazlar\u0131 imalat\u0131<br \/>\n34- Radyo, televizyon, haberle\u015fme te\u00e7hizat\u0131 ve cihazlar\u0131 imalat\u0131<br \/>\n35- T\u0131bbi aletler hassas ve optik aletler imalat\u0131<br \/>\n36- Motorlu kara ta\u015f\u0131t\u0131 ve yan sanayi<br \/>\n37- Hava ta\u015f\u0131tlar\u0131 ve motorlar\u0131n\u0131n bak\u0131m ve onar\u0131m\u0131<br \/>\n38- Motosiklet ve bisiklet<br \/>\n39- Mobilya imalat\u0131 (sadece metal ve plastikten imal edilenler hari\u00e7)<br \/>\n40- Mobilya imalat\u0131 (sadece plastikten imal edilenler hari\u00e7)<br \/>\n41- Oteller (3 y\u0131ld\u0131z ve \u00fczeri)<br \/>\n42- \u00d6\u011frenci yurtlar\u0131<br \/>\n43- So\u011fuk hava deposu hizmetleri (500 metrekare ve \u00fczere)<br \/>\n44- Lisansl\u0131 depoculuk<br \/>\n45- E\u011fitim hizmetleri (okul \u00f6ncesi e\u011fitim hizmetleri dahil), ( yeti\u015fkinlerin e\u011fitilmesi ve di\u011fer e\u011fitim faaliyetleri hari\u00e7)<br \/>\n46- Hastane yat\u0131r\u0131m\u0131, huzurevi<br \/>\n47- Ak\u0131ll\u0131 \u00e7ok fonksiyonlu teknik tekstil<br \/>\n48- At\u0131k geri kazan\u0131m veya bertaraf tesisleri<br \/>\n49- K\u00f6m\u00fcr gaz\u0131 \u00fcretimi (sentez gaz\u0131)<br \/>\n50- Serac\u0131l\u0131k (5 dekar ve \u00fczeri)<br \/>\n51- Madencilik Sekt\u00f6r\u00fc\n\n<\/div><!-- .vgblk-rw-wrapper -->","protected":false},"excerpt":{"rendered":"<p>Yat\u0131r\u0131m Te\u015fvik Mevzuat\u0131 Kapsam\u0131nda Dan\u0131\u015fmanl\u0131k Hizmetleri Yat\u0131r\u0131m Te\u015fvik Belgesi; yat\u0131r\u0131m tutar\u0131, yat\u0131r\u0131m konusu, fizibilite kapsam\u0131nda; arsa, in\u015faat ve bina harcamalar\u0131, global makine listeleri, yerli ve ithal makine listeleri, te\u00e7hizat ve&#8230;<\/p>\n","protected":false},"author":1,"featured_media":0,"parent":0,"menu_order":0,"comment_status":"closed","ping_status":"closed","template":"guestbook.php","meta":{"inline_featured_image":false},"_links":{"self":[{"href":"http:\/\/ndgdenetim.com\/index.php\/wp-json\/wp\/v2\/pages\/25462"}],"collection":[{"href":"http:\/\/ndgdenetim.com\/index.php\/wp-json\/wp\/v2\/pages"}],"about":[{"href":"http:\/\/ndgdenetim.com\/index.php\/wp-json\/wp\/v2\/types\/page"}],"author":[{"embeddable":true,"href":"http:\/\/ndgdenetim.com\/index.php\/wp-json\/wp\/v2\/users\/1"}],"replies":[{"embeddable":true,"href":"http:\/\/ndgdenetim.com\/index.php\/wp-json\/wp\/v2\/comments?post=25462"}],"version-history":[{"count":3,"href":"http:\/\/ndgdenetim.com\/index.php\/wp-json\/wp\/v2\/pages\/25462\/revisions"}],"predecessor-version":[{"id":25465,"href":"http:\/\/ndgdenetim.com\/index.php\/wp-json\/wp\/v2\/pages\/25462\/revisions\/25465"}],"wp:attachment":[{"href":"http:\/\/ndgdenetim.com\/index.php\/wp-json\/wp\/v2\/media?parent=25462"}],"curies":[{"name":"wp","href":"https:\/\/api.w.org\/{rel}","templated":true}]}}