{"id":25450,"date":"2022-11-25T07:34:54","date_gmt":"2022-11-25T07:34:54","guid":{"rendered":"http:\/\/ndgdenetim.com\/?page_id=25450"},"modified":"2022-11-25T07:36:28","modified_gmt":"2022-11-25T07:36:28","slug":"tasdik-hizmetleri","status":"publish","type":"page","link":"http:\/\/ndgdenetim.com\/index.php\/tasdik-hizmetleri\/","title":{"rendered":"Yeminli Mali M\u00fc\u015favirlik Tasdik Hizmetleri"},"content":{"rendered":"<div class=\"vgblk-rw-wrapper limit-wrapper\">\n\n\t\u00bb Kurumlar Vergisi ve Gelir Vergisi Beyannamelerinin Tasdiki<br \/>\n\u00bb Mali Tablolar\u0131n Tasdiki<br \/>\n\u00bb KDV ve \u00d6TV \u0130adelerinin Tasdiki<br \/>\n\u00bb Vergi \u0130stisna ve Muafiyetlerinin Tasdiki<br \/>\n\u00bb Yat\u0131r\u0131m \u0130ndirimi Uygulamalar\u0131n\u0131n Tasdiki<br \/>\n\u00bb Sermaye Yedekleri ve \u0130\u00e7 Kaynaklardan Yap\u0131lacak Sermaye Art\u0131r\u0131m\u0131n\u0131n Tasdiki<br \/>\n\u00bb Sermayenin Mevcudiyetinin ve \u00d6dendi\u011finin Tasdiki<br \/>\n\u00bb Banka Kredilerine \u0130li\u015fkin Mali Raporlar\u0131n Tasdiki<br \/>\n\u00bb Vak\u0131f ve Derneklerde Vergi Muafiyeti \u015eartlar\u0131n\u0131n Tasdiki<br \/>\n\u00bb Radyo ve Televizyon Yay\u0131n Kurulu\u015flar\u0131 Gelirleri \u00dcst Kurul Paylar\u0131n\u0131n Tasdiki<br \/>\n\u00bb Di\u011fer \u00d6zel Ama\u00e7l\u0131 Tespit ve Tasdik Raporlar\u0131\n\n<\/div><!-- .vgblk-rw-wrapper -->","protected":false},"excerpt":{"rendered":"<p>\u00bb Kurumlar Vergisi ve Gelir Vergisi Beyannamelerinin Tasdiki \u00bb Mali Tablolar\u0131n Tasdiki \u00bb KDV ve \u00d6TV \u0130adelerinin Tasdiki \u00bb Vergi \u0130stisna ve Muafiyetlerinin Tasdiki \u00bb Yat\u0131r\u0131m \u0130ndirimi Uygulamalar\u0131n\u0131n Tasdiki \u00bb&#8230;<\/p>\n","protected":false},"author":1,"featured_media":0,"parent":0,"menu_order":0,"comment_status":"closed","ping_status":"closed","template":"guestbook.php","meta":{"inline_featured_image":false},"_links":{"self":[{"href":"http:\/\/ndgdenetim.com\/index.php\/wp-json\/wp\/v2\/pages\/25450"}],"collection":[{"href":"http:\/\/ndgdenetim.com\/index.php\/wp-json\/wp\/v2\/pages"}],"about":[{"href":"http:\/\/ndgdenetim.com\/index.php\/wp-json\/wp\/v2\/types\/page"}],"author":[{"embeddable":true,"href":"http:\/\/ndgdenetim.com\/index.php\/wp-json\/wp\/v2\/users\/1"}],"replies":[{"embeddable":true,"href":"http:\/\/ndgdenetim.com\/index.php\/wp-json\/wp\/v2\/comments?post=25450"}],"version-history":[{"count":2,"href":"http:\/\/ndgdenetim.com\/index.php\/wp-json\/wp\/v2\/pages\/25450\/revisions"}],"predecessor-version":[{"id":25452,"href":"http:\/\/ndgdenetim.com\/index.php\/wp-json\/wp\/v2\/pages\/25450\/revisions\/25452"}],"wp:attachment":[{"href":"http:\/\/ndgdenetim.com\/index.php\/wp-json\/wp\/v2\/media?parent=25450"}],"curies":[{"name":"wp","href":"https:\/\/api.w.org\/{rel}","templated":true}]}}